se -g + 4*g = 2*t - 1163, x*t + g = 2916. Is t a composite number?
True
Let m(l) = 87*l**2 - 30*l + 59. Let p(s) = -43*s**2 + 15*s - 29. Let x(z) = -2*m(z) - 5*p(z). Is x(13) prime?
True
Suppose 0*v = 2*v + 8. Let f be (-5 + -1)*2/v. Suppose -x + 1705 = 4*z - 1104, -13930 = -5*x + f*z. Is x composite?
False
Suppose -h - 89 = t, -2*t + 5*h = -0*h + 206. Let f = -442 - 136. Let l = t - f. Is l a prime number?
False
Suppose 4*h - 384 = -404, v + 5*h - 711802 = 0. Is v a composite number?
True
Let c(x) = 169*x**3 - 8*x**2 - 35*x - 31. Is c(12) prime?
True
Let m be -8739 + 0 + 1 + -2. Let o = 614 + -644. Is (2 - (-14)/(-6)) + m/o prime?
False
Suppose 0*y = 2*z + y - 110064, -2*z = 5*y - 110072. Is z a prime number?
False
Suppose -5 = -5*x, 3*o - 5*x = 4*o - 43. Suppose 33*q - o*q = -35. Suppose 10986 = q*b + 220. Is b composite?
True
Is 34*(6 + (-280)/(-16))*1 composite?
True
Suppose 2*v - 405438 = 2*d, -26*v + 24*v - 2*d + 405430 = 0. Is v composite?
False
Let r = 63650 - 34177. Is r composite?
False
Let q = 150 - 33. Let w = -114 + q. Suppose -w*g + 1003 = 5*h, -9*g + 1326 = -5*g + h. Is g composite?
False
Suppose 5*f - 106730 + 5120 = 5*t, -3*f + 60976 = -t. Is f prime?
True
Suppose -3*n = n - 0*n - 2678932. Is n a prime number?
True
Suppose 25*w - 93 = 7. Suppose w*r + 2*k - 119108 = 0, 0*r - 5*r + 148885 = 2*k. Is r prime?
False
Let n(h) = -3068*h + 2433. Is n(-16) prime?
True
Let g be (-2)/6 - ((-5000)/15)/10. Let k = -33 + g. Suppose -3*c + c - m = -524, k = -5*m. Is c composite?
True
Let g = 1053 - -22978. Is g a prime number?
False
Suppose 0 = -2*i - 3*v + 611859, -91031 + 1314753 = 4*i + 2*v. Is i a prime number?
False
Let s(w) = 8*w - 3. Let r be (-57)/76 + (-14)/(-8). Let y be s(r). Is -4 + y - 2 - -224 composite?
False
Let y(d) = 55*d**2 - 3*d - 3. Suppose z + 5 = 4. Let q be y(z). Suppose 8252 = 7*g + q. Is g composite?
False
Is 3 + 4/(-1) - -32562 a composite number?
False
Let a be (-6)/(-9)*(-3)/2. Let x be (a + -1*2)/(20 + -21). Suppose 3*j + 9 = 0, -5*b = -x*b - 2*j - 1492. Is b a prime number?
True
Let l = 99008 - 53605. Is l composite?
False
Suppose 19*k = 38*k - 17138. Let p = 1341 + k. Is p a composite number?
False
Let l = -47 - -49. Let n be ((-4746)/28)/((-1)/l + 0). Suppose -d = -5*p - n + 1266, 0 = -3*d - 6. Is p composite?
True
Is 0 + 631713 - 13*10/65 a composite number?
False
Suppose 2*f = 5*h + 281444, 562860 = 4*f + 31*h - 27*h. Is f prime?
True
Suppose 313*x - 283*x - 6967770 = 0. Is x a prime number?
True
Let j = 540 + -545. Is (514/6)/(j/(-285)) a prime number?
False
Let u(g) = 962*g**2 + 32*g - 75. Is u(12) prime?
False
Suppose 0 = 2*l - 30 - 6. Suppose -3*y = 3*y + l. Is 1079 - (0 - (1 + y)) a prime number?
False
Let i(o) be the first derivative of 337*o**3/6 - 6*o**2 + 16*o + 23. Let q(u) be the first derivative of i(u). Is q(2) a prime number?
False
Suppose -109*m - 22*m + 20208009 + 7693550 = 0. Is m composite?
True
Let d = 6953 + 18348. Is d prime?
True
Let f = 4565 - -9739. Suppose -33*i = -i - f. Is i prime?
False
Suppose -2*u = a - 6, 2*u - 3*a - 6 = 2*a. Let t(g) = 3*g**2 + 5 + 2*g**3 - g + 7*g**2 + 17*g**3 - 14*g**2. Is t(u) composite?
False
Suppose -5*q - 3*i + 0*i = 1183, 3*q + 2*i = -710. Let n = 2385 + q. Is n a prime number?
False
Let a = 383 + -381. Suppose -a*h = -h + 3, 3*f - 2*h - 8535 = 0. Is f prime?
True
Let w(k) = -k**3 + k**2 + 4*k + 9. Let u(f) = 6*f - 9. Let x be u(9). Suppose -2*r + 11*r = -x. Is w(r) composite?
False
Is (1/4)/(126863496/(-3624672) + 35) composite?
True
Suppose 6746 = 2*f + 23494. Let n be (f/4)/(1/4). Let k = 13157 + n. Is k prime?
True
Is 0/(48 - 14) + (-1)/(-1)*13985 a composite number?
True
Let o = 10414 + 553. Is o a composite number?
True
Suppose 26*q - 5775 = 5*q. Suppose -f + 0*u + 3*u - 11 = 0, -3*f + 37 = 5*u. Suppose q = f*l - 489. Is l a prime number?
True
Let x(s) = 398 - 732 - 3303*s + 399. Is x(-6) composite?
True
Suppose -3*a - 9*b = -10*b - 15, -5*a + 5 = 5*b. Suppose 7*o - 11*o - 11016 = -a*g, -g + 5*o = -2774. Is g composite?
False
Let v = 495022 + -133743. Is v prime?
True
Suppose -2*v = -2*k + 3094, 0 = -12*k + 9*k - v + 4661. Suppose 6*c + k = 85462. Is c a prime number?
False
Let n be -2 + -6*((-24)/(-9) + -3). Suppose n*s = 13*s - 61139. Is s a composite number?
False
Let q be 1574*(1 - 3)*2/4. Let y = q - -3895. Is y prime?
False
Let h(u) = -233*u - 220*u + 660*u + 47 - 226*u. Is h(-18) composite?
False
Let g be 4/7 - (-29)/((-609)/(-324)). Suppose g*j = 13*j + 3*h + 29940, j = -4*h + 9975. Is j prime?
False
Let f(l) = -323*l**2 - 2*l. Let r be f(-2). Let o(g) = 477*g - 23. Let t be o(-6). Let s = r - t. Is s a composite number?
False
Suppose 0 = 2*d + 4*v + 598, -5*d - 7*v + 5*v - 1503 = 0. Let l = d + 464. Is l composite?
False
Suppose -4*n + 5*n + 104729 = 2*n. Is n composite?
False
Let l = 325 - 195. Let d = l + -136. Is ((-1912)/(-16))/((-1)/d) a composite number?
True
Suppose 5*r + 5*b = 1045175, 0 = 16*b - 14*b - 12. Is r composite?
False
Suppose 4*n = -4*s + 148, -2*s - 4*n + 66 + 0 = 0. Let v = 33 - s. Is ((-507)/(-12))/((-2)/(0 + v)) a composite number?
True
Let o(z) = 127*z**2 - 64*z - 514. Is o(-11) prime?
False
Let s = -9151 + 23864. Suppose 47*l = 46*l + s. Is l composite?
False
Let r = 33432 + 18811. Is r a composite number?
True
Let t(n) = 13859*n + 5. Let p be t(3). Let v = p - 6246. Suppose 0 = 10*a - 2*a - v. Is a a prime number?
False
Suppose -3 = u - 4*r, -2*u + 12 = 2*u - 4*r. Suppose -2*h - u*h = -16247. Is h composite?
True
Is (28/12)/7*-6 + 65973 a composite number?
True
Let i(u) = -u**3 - u**2 + 2776. Let r be i(0). Let b be r - (-2)/(-2 - -3). Suppose b = 10*j - 5872. Is j prime?
False
Suppose -218100 = 5*a - 11*a. Let f = a + -25795. Is f composite?
True
Let w(l) = 33*l + 104. Suppose -3*i - 3*v + 69 = 0, 5*v - 2 - 8 = 0. Is w(i) a composite number?
False
Suppose 2*p - 6*p - 67056 = 0. Let v(c) = -c**2 + 9*c + 30. Let x be v(-6). Is p/(-5) - 12/x prime?
False
Let i = -4 - -6. Suppose 0 = -5*u + 1446 + 2504. Suppose u = i*s - 108. Is s a prime number?
True
Let m be (-2)/(-6) + 7/((-21)/(-8)). Suppose 0 = 4*x - m*x, -t = -4*x - 10213. Is t composite?
True
Let z(j) = -300*j**3 - j**2 - j + 7. Let x be z(-2). Let n = -1518 + x. Is n a composite number?
False
Let x(w) be the third derivative of -w**6/12 - 11*w**5/60 + 5*w**4/6 - 43*w**3/6 + 226*w**2. Is x(-10) prime?
False
Suppose 0 = -2*s + 841 + 1243. Let v = 336 - s. Let c = v - -1557. Is c a prime number?
False
Let j = -237 - -237. Suppose j = 7*y - 2*y + q - 8358, -4*y + 5*q = -6669. Is y a composite number?
True
Let l be (-3)/((-1)/(-3) + (-8771)/26502). Let k = 41 + l. Let b = 1718 + k. Is b composite?
True
Let r(x) be the first derivative of 6*x**4 + 7*x**3/3 + 3*x**2/2 - 7*x - 4. Let w be r(-5). Let y = -1532 - w. Is y prime?
False
Let k = -331173 - -903560. Is k prime?
True
Suppose -2*j - 5*s + 59691 = -23618, 2*j = -4*s + 83306. Is j a composite number?
False
Let p(j) = 224*j**2 + j - 1. Let n be p(1). Let q = 116 + n. Let d = 525 - q. Is d prime?
False
Suppose 0 = 2*v + 62 - 50. Is 72320/24 - -5 - 4/v prime?
True
Let u = 8833 + -450. Is u a composite number?
True
Let s = 2213683 + -1443764. Is s composite?
False
Suppose -r = 5*f - 325672, -f - 803998 = -3*r + 173002. Is r composite?
False
Let o = 397273 + -260772. Is o a composite number?
False
Let o = 456332 - -17213. Is o composite?
True
Let u be ((-48)/(-28))/((-4)/(-28)). Is (2*(-3)/u)/(4/(-56792)) a composite number?
True
Let k = 48 - 48. Let o(p) = -p + 1429. Let r be o(k). Let a = -1020 + r. Is a composite?
False
Let p = 708 - 706. Suppose 50*o = -p*i + 48*o + 70154, -5*i = 2*o - 175385. Is i prime?
False
Let v(x) = -3*x - 10. Let s be v(-9). Suppose -5*b + 510 = 5*u, 9*b - 12*b = 4*u - 305. Suppose 18*g = s*g + b. Is g prime?
True
Let q(x) = 2*x**2 + x. Let h(z) = -207*z**3 + 8*z**2 + 8*z + 1. Let m(t) = h(t) - 4*q(t). Is m(-2) composite?
True
Let q = -724 - 398. Let v = 16661 - q. Is v prime?
True
Let o(a) = 11*a**2 - 44*a + 169. Let g(u) = u**2. Let r(s) = -3*g(s) + o(s). Is r(36) prime?
False
Let z be (-3)/(-1*(-12)/(-8)). Let k(p) = -10*p + 24 + 4*p**2 - 12 - 23 - 3*p**z. Is k(16) prime?
False
Suppose -11*o + 663762 = 29*o + 16442. Is o composite?
False
Suppose -37*j = 16*j - 21228143. Is j com